{"version":"1.0","provider_name":"RRG Suisse","provider_url":"https:\/\/rrgsuisse.ch\/fr","author_name":"rrgsuisse","author_url":"https:\/\/rrgsuisse.ch\/fr\/author\/rrgsuisse","title":"Alpine A390: Derni\u00e8res indiscr\u00e9tions avant son reveal - RRG Suisse","type":"rich","width":600,"height":338,"html":"<blockquote class=\"wp-embedded-content\" data-secret=\"wtZPwUZzEW\"><a href=\"https:\/\/rrgsuisse.ch\/fr\/alpine-a390-dernieres-indiscretions-avant-son-reveal\">Alpine A390: Derni\u00e8res indiscr\u00e9tions avant son reveal<\/a><\/blockquote><iframe sandbox=\"allow-scripts\" security=\"restricted\" src=\"https:\/\/rrgsuisse.ch\/fr\/alpine-a390-dernieres-indiscretions-avant-son-reveal\/embed#?secret=wtZPwUZzEW\" width=\"600\" height=\"338\" title=\"&#8220;Alpine A390: Derni\u00e8res indiscr\u00e9tions avant son reveal&#8221; &#8212; RRG Suisse\" data-secret=\"wtZPwUZzEW\" frameborder=\"0\" marginwidth=\"0\" marginheight=\"0\" scrolling=\"no\" class=\"wp-embedded-content\"><\/iframe><script>\n\/*! This file is auto-generated *\/\n!function(d,l){\"use strict\";l.querySelector&&d.addEventListener&&\"undefined\"!=typeof URL&&(d.wp=d.wp||{},d.wp.receiveEmbedMessage||(d.wp.receiveEmbedMessage=function(e){var t=e.data;if((t||t.secret||t.message||t.value)&&!\/[^a-zA-Z0-9]\/.test(t.secret)){for(var s,r,n,a=l.querySelectorAll('iframe[data-secret=\"'+t.secret+'\"]'),o=l.querySelectorAll('blockquote[data-secret=\"'+t.secret+'\"]'),c=new RegExp(\"^https?:$\",\"i\"),i=0;i<o.length;i++)o[i].style.display=\"none\";for(i=0;i<a.length;i++)s=a[i],e.source===s.contentWindow&&(s.removeAttribute(\"style\"),\"height\"===t.message?(1e3<(r=parseInt(t.value,10))?r=1e3:~~r<200&&(r=200),s.height=r):\"link\"===t.message&&(r=new URL(s.getAttribute(\"src\")),n=new URL(t.value),c.test(n.protocol))&&n.host===r.host&&l.activeElement===s&&(d.top.location.href=t.value))}},d.addEventListener(\"message\",d.wp.receiveEmbedMessage,!1),l.addEventListener(\"DOMContentLoaded\",function(){for(var e,t,s=l.querySelectorAll(\"iframe.wp-embedded-content\"),r=0;r<s.length;r++)(t=(e=s[r]).getAttribute(\"data-secret\"))||(t=Math.random().toString(36).substring(2,12),e.src+=\"#?secret=\"+t,e.setAttribute(\"data-secret\",t)),e.contentWindow.postMessage({message:\"ready\",secret:t},\"*\")},!1)))}(window,document);\n\/\/# sourceURL=https:\/\/rrgsuisse.ch\/wp-includes\/js\/wp-embed.min.js\n<\/script>\n","thumbnail_url":"https:\/\/rrgsuisse.ch\/wp-content\/uploads\/2025\/05\/R-DAM_1661830.jpg","thumbnail_width":1200,"thumbnail_height":800,"description":"L\u2019A390 adopte une silhouette unique de sport fastback reprenant \u00e0 85 % le design du show-car A390_\u03b2, pr\u00e9sent\u00e9 au Mondial de l\u2019Auto 2024 \u00e0 Paris. Sa signature lumineuse forte est inspir\u00e9e du concept Alpine Alpenglow et de l\u2019Hypercar A424 engag\u00e9e en championnat WEC. L\u2019habitacle du premier sport fastback d\u2019Alpine offre 5 places, une nouvelle \u00e9volution du syst\u00e8me Alpine Telemetrics et une installation audio premium sign\u00e9e Devialet. Fid\u00e8le \u00e0 l\u2019expression de \u00abRacing car in a suit\u00bb, l'utilisation de mat\u00e9riaux haute performance et haut de gamme tels que l'aluminium, le carbone et le cuir, subliment l\u2019int\u00e9rieur. Le pass Alpine A390 Premi\u00e8re permettra aux premiers acheteurs d\u2019acc\u00e9der en priorit\u00e9 \u00e0 leur A390. Alpine d\u00e9voilera l\u2019A390, le 27 mai 2025 \u00e0 Dieppe, en amont du week-end de c\u00e9l\u00e9bration du 70e anniversaire de la marque. L\u2019\u00e9v\u00e8nement sera retransmis en direct sur https:\/\/events.alpinecars.com\/."}

Alpine A390: Dernières indiscrétions avant son reveal - RRG Suisse

<blockquote class="wp-embedded-content" data-secret="wtZPwUZzEW"><a href="https://rrgsuisse.ch/fr/alpine-a390-dernieres-indiscretions-avant-son-reveal">Alpine A390: Dernières indiscrétions avant son reveal</a></blockquote><iframe sandbox="allow-scripts" security="restricted" src="https://rrgsuisse.ch/fr/alpine-a390-dernieres-indiscretions-avant-son-reveal/embed#?secret=wtZPwUZzEW" width="600" height="338" title="&#8220;Alpine A390: Dernières indiscrétions avant son reveal&#8221; &#8212; RRG Suisse" data-secret="wtZPwUZzEW" frameborder="0" marginwidth="0" marginheight="0" scrolling="no" class="wp-embedded-content"></iframe><script>
/*! This file is auto-generated */
!function(d,l){"use strict";l.querySelector&&d.addEventListener&&"undefined"!=typeof URL&&(d.wp=d.wp||{},d.wp.receiveEmbedMessage||(d.wp.receiveEmbedMessage=function(e){var t=e.data;if((t||t.secret||t.message||t.value)&&!/[^a-zA-Z0-9]/.test(t.secret)){for(var s,r,n,a=l.querySelectorAll('iframe[data-secret="'+t.secret+'"]'),o=l.querySelectorAll('blockquote[data-secret="'+t.secret+'"]'),c=new RegExp("^https?:$","i"),i=0;i<o.length;i++)o[i].style.display="none";for(i=0;i<a.length;i++)s=a[i],e.source===s.contentWindow&&(s.removeAttribute("style"),"height"===t.message?(1e3<(r=parseInt(t.value,10))?r=1e3:~~r<200&&(r=200),s.height=r):"link"===t.message&&(r=new URL(s.getAttribute("src")),n=new URL(t.value),c.test(n.protocol))&&n.host===r.host&&l.activeElement===s&&(d.top.location.href=t.value))}},d.addEventListener("message",d.wp.receiveEmbedMessage,!1),l.addEventListener("DOMContentLoaded",function(){for(var e,t,s=l.querySelectorAll("iframe.wp-embedded-content"),r=0;r<s.length;r++)(t=(e=s[r]).getAttribute("data-secret"))||(t=Math.random().toString(36).substring(2,12),e.src+="#?secret="+t,e.setAttribute("data-secret",t)),e.contentWindow.postMessage({message:"ready",secret:t},"*")},!1)))}(window,document);
//# sourceURL=https://rrgsuisse.ch/wp-includes/js/wp-embed.min.js
</script>

L’A390 adopte une silhouette unique de sport fastback reprenant à 85 % le design du show-car A390_β, présenté au Mondial de l’Auto 2024 à Paris. Sa signature lumineuse forte est inspirée du concept Alpine Alpenglow et de l’Hypercar A424 engagée en championnat WEC. L’habitacle du premier sport fastback d’Alpine offre 5 places, une nouvelle évolution du système Alpine Telemetrics et une installation audio premium signée Devialet. Fidèle à l’expression de «Racing car in a suit», l'utilisation de matériaux haute performance et haut de gamme tels que l'aluminium, le carbone et le cuir, subliment l’intérieur. Le pass Alpine A390 Première permettra aux premiers acheteurs d’accéder en priorité à leur A390. Alpine dévoilera l’A390, le 27 mai 2025 à Dieppe, en amont du week-end de célébration du 70e anniversaire de la marque. L’évènement sera retransmis en direct sur https://events.alpinecars.com/.
